{"id":5003,"date":"2020-08-25T08:49:48","date_gmt":"2020-08-25T06:49:48","guid":{"rendered":"https:\/\/hotelsparissaintgermaindespres.com\/wp-content\/uploads\/2020\/08\/hotel-des-maronniers-terrasse-58-md.jpg"},"modified":"2020-08-25T08:50:26","modified_gmt":"2020-08-25T06:50:26","slug":"hotel-des-maronniers-terrasse-58-md-2","status":"inherit","type":"attachment","link":"https:\/\/hotelsparissaintgermaindespres.com\/en\/hotel-des-maronniers-terrasse-58-md-2\/","title":{"rendered":"hotel des maronniers-terrasse-58 md"},"author":1,"featured_media":0,"comment_status":"closed","ping_status":"closed","template":"","meta":[],"class_list":["post-5003","attachment","type-attachment","status-inherit","hentry"],"aioseo_notices":[],"description":{"rendered":"<p class=\"attachment\"><a href='https:\/\/hotelsparissaintgermaindespres.com\/wp-content\/uploads\/2020\/08\/hotel-des-maronniers-terrasse-58-md.jpg'><img fetchpriority=\"high\" decoding=\"async\" width=\"300\" height=\"200\" src=\"https:\/\/hotelsparissaintgermaindespres.com\/wp-content\/uploads\/2020\/08\/hotel-des-maronniers-terrasse-58-md-300x200.jpg\" class=\"attachment-medium size-medium\" alt=\"R\u00e9server un H\u00f4tel Climatis\u00e9 \u00e0 Paris 6\" srcset=\"https:\/\/hotelsparissaintgermaindespres.com\/wp-content\/uploads\/2020\/08\/hotel-des-maronniers-terrasse-58-md-300x200.jpg 300w, https:\/\/hotelsparissaintgermaindespres.com\/wp-content\/uploads\/2020\/08\/hotel-des-maronniers-terrasse-58-md-1024x683.jpg 1024w, https:\/\/hotelsparissaintgermaindespres.com\/wp-content\/uploads\/2020\/08\/hotel-des-maronniers-terrasse-58-md-768x512.jpg 768w, https:\/\/hotelsparissaintgermaindespres.com\/wp-content\/uploads\/2020\/08\/hotel-des-maronniers-terrasse-58-md-1536x1024.jpg 1536w, https:\/\/hotelsparissaintgermaindespres.com\/wp-content\/uploads\/2020\/08\/hotel-des-maronniers-terrasse-58-md-2048x1365.jpg 2048w\" sizes=\"(max-width: 300px) 100vw, 300px\" \/><\/a><\/p>\n<p>R\u00e9server un H\u00f4tel Climatis\u00e9 \u00e0 Paris 6<\/p>\n"},"caption":{"rendered":"<p>R\u00e9server un H\u00f4tel Climatis\u00e9 \u00e0 Paris 6<\/p>\n"},"alt_text":"R\u00e9server un H\u00f4tel Climatis\u00e9 \u00e0 Paris 6","media_type":"image","mime_type":"image\/jpeg","media_details":{"width":2560,"height":1707,"file":"2020\/08\/hotel-des-maronniers-terrasse-58-md-scaled.jpg","sizes":{"medium":{"file":"hotel-des-maronniers-terrasse-58-md-300x200.jpg","width":300,"height":200,"mime_type":"image\/jpeg","source_url":"https:\/\/hotelsparissaintgermaindespres.com\/wp-content\/uploads\/2020\/08\/hotel-des-maronniers-terrasse-58-md-300x200.jpg"},"large":{"file":"hotel-des-maronniers-terrasse-58-md-1024x683.jpg","width":1024,"height":683,"mime_type":"image\/jpeg","source_url":"https:\/\/hotelsparissaintgermaindespres.com\/wp-content\/uploads\/2020\/08\/hotel-des-maronniers-terrasse-58-md-1024x683.jpg"},"thumbnail":{"file":"hotel-des-maronniers-terrasse-58-md-150x150.jpg","width":150,"height":150,"mime_type":"image\/jpeg","source_url":"https:\/\/hotelsparissaintgermaindespres.com\/wp-content\/uploads\/2020\/08\/hotel-des-maronniers-terrasse-58-md-150x150.jpg"},"medium_large":{"file":"hotel-des-maronniers-terrasse-58-md-768x512.jpg","width":768,"height":512,"mime_type":"image\/jpeg","source_url":"https:\/\/hotelsparissaintgermaindespres.com\/wp-content\/uploads\/2020\/08\/hotel-des-maronniers-terrasse-58-md-768x512.jpg"},"1536x1536":{"file":"hotel-des-maronniers-terrasse-58-md-1536x1024.jpg","width":1536,"height":1024,"mime_type":"image\/jpeg","source_url":"https:\/\/hotelsparissaintgermaindespres.com\/wp-content\/uploads\/2020\/08\/hotel-des-maronniers-terrasse-58-md-1536x1024.jpg"},"2048x2048":{"file":"hotel-des-maronniers-terrasse-58-md-2048x1365.jpg","width":2048,"height":1365,"mime_type":"image\/jpeg","source_url":"https:\/\/hotelsparissaintgermaindespres.com\/wp-content\/uploads\/2020\/08\/hotel-des-maronniers-terrasse-58-md-2048x1365.jpg"},"post-thumbnail-size":{"file":"hotel-des-maronniers-terrasse-58-md-750x330.jpg","width":750,"height":330,"mime_type":"image\/jpeg","source_url":"https:\/\/hotelsparissaintgermaindespres.com\/wp-content\/uploads\/2020\/08\/hotel-des-maronniers-terrasse-58-md-750x330.jpg"},"round-personnel-size":{"file":"hotel-des-maronniers-terrasse-58-md-400x400.jpg","width":400,"height":400,"mime_type":"image\/jpeg","source_url":"https:\/\/hotelsparissaintgermaindespres.com\/wp-content\/uploads\/2020\/08\/hotel-des-maronniers-terrasse-58-md-400x400.jpg"},"small-grid-size":{"file":"hotel-des-maronniers-terrasse-58-md-400x300.jpg","width":400,"height":300,"mime_type":"image\/jpeg","source_url":"https:\/\/hotelsparissaintgermaindespres.com\/wp-content\/uploads\/2020\/08\/hotel-des-maronniers-terrasse-58-md-400x300.jpg"},"small-grid-size-2":{"file":"hotel-des-maronniers-terrasse-58-md-400x340.jpg","width":400,"height":340,"mime_type":"image\/jpeg","source_url":"https:\/\/hotelsparissaintgermaindespres.com\/wp-content\/uploads\/2020\/08\/hotel-des-maronniers-terrasse-58-md-400x340.jpg"},"portrait":{"file":"hotel-des-maronniers-terrasse-58-md-440x550.jpg","width":440,"height":550,"mime_type":"image\/jpeg","source_url":"https:\/\/hotelsparissaintgermaindespres.com\/wp-content\/uploads\/2020\/08\/hotel-des-maronniers-terrasse-58-md-440x550.jpg"},"post-slider-side":{"file":"hotel-des-maronniers-terrasse-58-md-750x330.jpg","width":750,"height":330,"mime_type":"image\/jpeg","source_url":"https:\/\/hotelsparissaintgermaindespres.com\/wp-content\/uploads\/2020\/08\/hotel-des-maronniers-terrasse-58-md-750x330.jpg"},"full-slider":{"file":"hotel-des-maronniers-terrasse-58-md-980x380.jpg","width":980,"height":380,"mime_type":"image\/jpeg","source_url":"https:\/\/hotelsparissaintgermaindespres.com\/wp-content\/uploads\/2020\/08\/hotel-des-maronniers-terrasse-58-md-980x380.jpg"},"portfolio-portrait":{"file":"hotel-des-maronniers-terrasse-58-md-500x550.jpg","width":500,"height":550,"mime_type":"image\/jpeg","source_url":"https:\/\/hotelsparissaintgermaindespres.com\/wp-content\/uploads\/2020\/08\/hotel-des-maronniers-terrasse-58-md-500x550.jpg"},"blog-grid":{"file":"hotel-des-maronniers-terrasse-58-md-700x400.jpg","width":700,"height":400,"mime_type":"image\/jpeg","source_url":"https:\/\/hotelsparissaintgermaindespres.com\/wp-content\/uploads\/2020\/08\/hotel-des-maronniers-terrasse-58-md-700x400.jpg"},"full":{"file":"hotel-des-maronniers-terrasse-58-md.jpg","width":2560,"height":1707,"mime_type":"image\/jpeg","source_url":"https:\/\/hotelsparissaintgermaindespres.com\/wp-content\/uploads\/2020\/08\/hotel-des-maronniers-terrasse-58-md.jpg"}},"image_meta":{"aperture":"6.3","credit":"","camera":"Canon EOS 5D Mark III","caption":"","created_timestamp":"1370350246","copyright":"","focal_length":"90","iso":"100","shutter_speed":"0.008","title":"","orientation":"1","keywords":[]},"original_image":"hotel-des-maronniers-terrasse-58-md.jpg"},"post":null,"source_url":"https:\/\/hotelsparissaintgermaindespres.com\/wp-content\/uploads\/2020\/08\/hotel-des-maronniers-terrasse-58-md.jpg","_links":{"self":[{"href":"https:\/\/hotelsparissaintgermaindespres.com\/en\/wp-json\/wp\/v2\/media\/5003"}],"collection":[{"href":"https:\/\/hotelsparissaintgermaindespres.com\/en\/wp-json\/wp\/v2\/media"}],"about":[{"href":"https:\/\/hotelsparissaintgermaindespres.com\/en\/wp-json\/wp\/v2\/types\/attachment"}],"author":[{"embeddable":true,"href":"https:\/\/hotelsparissaintgermaindespres.com\/en\/wp-json\/wp\/v2\/users\/1"}],"replies":[{"embeddable":true,"href":"https:\/\/hotelsparissaintgermaindespres.com\/en\/wp-json\/wp\/v2\/comments?post=5003"}]}}

<p class="attachment"><a href='https://hotelsparissaintgermaindespres.com/wp-content/uploads/2020/08/hotel-des-maronniers-terrasse-58-md.jpg'><img fetchpriority="high" decoding="async" width="300" height="200" src="https://hotelsparissaintgermaindespres.com/wp-content/uploads/2020/08/hotel-des-maronniers-terrasse-58-md-300x200.jpg" class="attachment-medium size-medium" alt="Réserver un Hôtel Climatisé à Paris 6" srcset="https://hotelsparissaintgermaindespres.com/wp-content/uploads/2020/08/hotel-des-maronniers-terrasse-58-md-300x200.jpg 300w, https://hotelsparissaintgermaindespres.com/wp-content/uploads/2020/08/hotel-des-maronniers-terrasse-58-md-1024x683.jpg 1024w, https://hotelsparissaintgermaindespres.com/wp-content/uploads/2020/08/hotel-des-maronniers-terrasse-58-md-768x512.jpg 768w, https://hotelsparissaintgermaindespres.com/wp-content/uploads/2020/08/hotel-des-maronniers-terrasse-58-md-1536x1024.jpg 1536w, https://hotelsparissaintgermaindespres.com/wp-content/uploads/2020/08/hotel-des-maronniers-terrasse-58-md-2048x1365.jpg 2048w" sizes="(max-width: 300px) 100vw, 300px" /></a></p>
<p>Réserver un Hôtel Climatisé à Paris 6</p>

<p>Réserver un Hôtel Climatisé à Paris 6</p>

Réserver un Hôtel Climatisé à Paris 6
